{"id":453,"date":"2023-10-24T15:24:33","date_gmt":"2023-10-24T18:24:33","guid":{"rendered":"https:\/\/marietanewman.com.br\/www\/?page_id=453"},"modified":"2023-10-24T15:28:02","modified_gmt":"2023-10-24T18:28:02","slug":"politica-de-privacidade","status":"publish","type":"page","link":"https:\/\/marietanewman.com.br\/www\/politica-de-privacidade\/","title":{"rendered":"Pol\u00edtica de Privacidade"},"content":{"rendered":"<h2>Pol\u00edtica de Privacidade<\/h2>\n<p>TERMO DE CONSENTIMENTO PARA TRATAMENTO DE DADOS PESSOAIS<\/p>\n<p>LEI GERAL DE PROTE\u00c7\u00c3O DE DADOS PESSOAIS \u2013 LGPD.<\/p>\n<p><img decoding=\"async\" src=\"https:\/\/marietanewman.com.br\/www\/wp-content\/uploads\/elementor\/thumbs\/Colegio-Marieta-Newman-Quem-Somos-pe9zzilrpbg8wtps3cdxl1owa55j724cyz53jxmrvk.png\" title=\"Colegio-Marieta-Newman-Quem-Somos\" alt=\"Colegio-Marieta-Newman-Quem-Somos\" \/><\/p>\n<p>1. Dos Dados Pessoais:<\/p>\n<p>O Controlador fica autorizado a tomar decis\u00f5es referentes ao tratamento e a realizar o tratamento dos seguintes dados pessoais do Titular: \u2022 Nome completo. \u2022 N\u00famero do Cadastro de Pessoas F\u00edsicas (CPF). \u2022 Endere\u00e7o de e-mail pessoal \u2022 Telefone \u2022 Endere\u00e7o completo \u2022<\/p>\n<p>2. Das Finalidades do Tratamento dos Dados:<\/p>\n<p>O tratamento dos dados pessoais listados neste termo tem as seguintes finalidades: \u2022 Possibilitar que o Controlador identifique e entre em contato com o Titular para fins de relacionamento. \u2022<\/p>\n<p>3. Do Compartilhamento de Dados:<\/p>\n<p>O Controlador fica autorizado a compartilhar os dados pessoais do Titular com outros agentes de tratamento de dados, caso seja necess\u00e1rio para as finalidades listadas neste termo, observados os princ\u00edpios e as garantias estabelecidas pela Lei n\u00ba 13.709.<\/p>\n<p>4. Da Responsabilidade da Seguran\u00e7a dos Dados:<\/p>\n<p>O Controlador responsabiliza-se pela manuten\u00e7\u00e3o de medidas de seguran\u00e7a, t\u00e9cnicas e administrativas aptas a proteger os dados pessoais de acessos n\u00e3o autorizados e de situa\u00e7\u00f5es acidentais ou il\u00edcitas de destrui\u00e7\u00e3o, perda, altera\u00e7\u00e3o, comunica\u00e7\u00e3o ou qualquer forma de tratamento inadequado ou il\u00edcito. Em conformidade ao art. 48 da Lei n\u00ba 13.709, o Controlador comunicar\u00e1 ao Titular e \u00e0 Autoridade Nacional de Prote\u00e7\u00e3o de Dados (ANPD) a ocorr\u00eancia de incidente de seguran\u00e7a que possa acarretar risco ou dano relevante ao Titular.<\/p>\n<p>5. Do Tempo de Perman\u00eancia dos Dados Recolhidos:<\/p>\n<p>O Controlador poder\u00e1 manter e tratar os dados pessoais do Titular durante todo o per\u00edodo em que os mesmos forem pertinentes ao alcance das finalidades listadas neste termo. Dados pessoais anonimizados, sem possibilidade de associa\u00e7\u00e3o ao indiv\u00edduo, poder\u00e3o ser mantidos por per\u00edodo indefinido.<\/p>\n<p>6. Do Direito de Revoga\u00e7\u00e3o do Consentimento:<\/p>\n<p>Este consentimento poder\u00e1 ser revogado pelo usu\u00e1rio, a qualquer momento, mediante solicita\u00e7\u00e3o via e-mail ou correspond\u00eancia ao Controlador. O Titular poder\u00e1 solicitar via e-mail ou correspond\u00eancia ao Controlador, a qualquer momento, que sejam eliminados os dados pessoais n\u00e3o anonimizados do Titular.<\/p>\n<p>7. Dos Direitos do Titular:<\/p>\n<p>O Titular tem direito a obter do Controlador, em rela\u00e7\u00e3o aos dados por ele tratados, a qualquer momento e mediante requisi\u00e7\u00e3o: I \u2013 confirma\u00e7\u00e3o da exist\u00eancia de tratamento; II \u2013 acesso aos dados; III \u2013 corre\u00e7\u00e3o de dados incompletos, inexatos ou desatualizados; IV \u2013 anonimiza\u00e7\u00e3o, bloqueio ou elimina\u00e7\u00e3o de dados desnecess\u00e1rios, excessivos ou tratados em desconformidade com o disposto na Lei n\u00ba 13.709; V \u2013 portabilidade dos dados a outro fornecedor de servi\u00e7o ou produto, mediante requisi\u00e7\u00e3o expressa, de acordo com a regulamenta\u00e7\u00e3o da autoridade nacional, observados os segredos comercial e industrial; VI \u2013 elimina\u00e7\u00e3o dos dados pessoais tratados com o consentimento do titular, exceto nas hip\u00f3teses previstas no art. 16 da Lei n\u00ba 13.709; VII \u2013 informa\u00e7\u00e3o das entidades p\u00fablicas e privadas com as quais o controlador realizou uso compartilhado de dados; VIII \u2013 informa\u00e7\u00e3o sobre a possibilidade de n\u00e3o fornecer consentimento e sobre as consequ\u00eancias da negativa; IX \u2013 revoga\u00e7\u00e3o do consentimento, nos termos do \u00a7 5\u00ba do art. 8\u00ba da Lei n\u00ba 13.709.<\/p>\n<p>\u00daltima atualiza\u00e7\u00e3o: Julho de 2021\u00a0.<\/p>\n","protected":false},"excerpt":{"rendered":"<p>Pol\u00edtica de Privacidade TERMO DE CONSENTIMENTO PARA TRATAMENTO DE DADOS PESSOAIS LEI GERAL DE PROTE\u00c7\u00c3O DE DADOS PESSOAIS \u2013 LGPD. 1. Dos Dados Pessoais: O Controlador fica autorizado a tomar decis\u00f5es referentes ao tratamento e a realizar o tratamento dos seguintes dados pessoais do Titular: \u2022 Nome completo. \u2022 N\u00famero do Cadastro de Pessoas F\u00edsicas [&hellip;]<\/p>\n","protected":false},"author":1,"featured_media":0,"parent":0,"menu_order":6,"comment_status":"closed","ping_status":"closed","template":"","meta":{"footnotes":""},"_links":{"self":[{"href":"https:\/\/marietanewman.com.br\/www\/wp-json\/wp\/v2\/pages\/453"}],"collection":[{"href":"https:\/\/marietanewman.com.br\/www\/wp-json\/wp\/v2\/pages"}],"about":[{"href":"https:\/\/marietanewman.com.br\/www\/wp-json\/wp\/v2\/types\/page"}],"author":[{"embeddable":true,"href":"https:\/\/marietanewman.com.br\/www\/wp-json\/wp\/v2\/users\/1"}],"replies":[{"embeddable":true,"href":"https:\/\/marietanewman.com.br\/www\/wp-json\/wp\/v2\/comments?post=453"}],"version-history":[{"count":4,"href":"https:\/\/marietanewman.com.br\/www\/wp-json\/wp\/v2\/pages\/453\/revisions"}],"predecessor-version":[{"id":457,"href":"https:\/\/marietanewman.com.br\/www\/wp-json\/wp\/v2\/pages\/453\/revisions\/457"}],"wp:attachment":[{"href":"https:\/\/marietanewman.com.br\/www\/wp-json\/wp\/v2\/media?parent=453"}],"curies":[{"name":"wp","href":"https:\/\/api.w.org\/{rel}","templated":true}]}}

Política de Privacidade

<h2>Política de Privacidade</h2>
<p>TERMO DE CONSENTIMENTO PARA TRATAMENTO DE DADOS PESSOAIS</p>
<p>LEI GERAL DE PROTEÇÃO DE DADOS PESSOAIS – LGPD.</p>
<p><img decoding="async" src="https://marietanewman.com.br/www/wp-content/uploads/elementor/thumbs/Colegio-Marieta-Newman-Quem-Somos-pe9zzilrpbg8wtps3cdxl1owa55j724cyz53jxmrvk.png" title="Colegio-Marieta-Newman-Quem-Somos" alt="Colegio-Marieta-Newman-Quem-Somos" /></p>
<p>1. Dos Dados Pessoais:</p>
<p>O Controlador fica autorizado a tomar decisões referentes ao tratamento e a realizar o tratamento dos seguintes dados pessoais do Titular: • Nome completo. • Número do Cadastro de Pessoas Físicas (CPF). • Endereço de e-mail pessoal • Telefone • Endereço completo •</p>
<p>2. Das Finalidades do Tratamento dos Dados:</p>
<p>O tratamento dos dados pessoais listados neste termo tem as seguintes finalidades: • Possibilitar que o Controlador identifique e entre em contato com o Titular para fins de relacionamento. •</p>
<p>3. Do Compartilhamento de Dados:</p>
<p>O Controlador fica autorizado a compartilhar os dados pessoais do Titular com outros agentes de tratamento de dados, caso seja necessário para as finalidades listadas neste termo, observados os princípios e as garantias estabelecidas pela Lei nº 13.709.</p>
<p>4. Da Responsabilidade da Segurança dos Dados:</p>
<p>O Controlador responsabiliza-se pela manutenção de medidas de segurança, técnicas e administrativas aptas a proteger os dados pessoais de acessos não autorizados e de situações acidentais ou ilícitas de destruição, perda, alteração, comunicação ou qualquer forma de tratamento inadequado ou ilícito. Em conformidade ao art. 48 da Lei nº 13.709, o Controlador comunicará ao Titular e à Autoridade Nacional de Proteção de Dados (ANPD) a ocorrência de incidente de segurança que possa acarretar risco ou dano relevante ao Titular.</p>
<p>5. Do Tempo de Permanência dos Dados Recolhidos:</p>
<p>O Controlador poderá manter e tratar os dados pessoais do Titular durante todo o período em que os mesmos forem pertinentes ao alcance das finalidades listadas neste termo. Dados pessoais anonimizados, sem possibilidade de associação ao indivíduo, poderão ser mantidos por período indefinido.</p>
<p>6. Do Direito de Revogação do Consentimento:</p>
<p>Este consentimento poderá ser revogado pelo usuário, a qualquer momento, mediante solicitação via e-mail ou correspondência ao Controlador. O Titular poderá solicitar via e-mail ou correspondência ao Controlador, a qualquer momento, que sejam eliminados os dados pessoais não anonimizados do Titular.</p>
<p>7. Dos Direitos do Titular:</p>
<p>O Titular tem direito a obter do Controlador, em relação aos dados por ele tratados, a qualquer momento e mediante requisição: I – confirmação da existência de tratamento; II – acesso aos dados; III – correção de dados incompletos, inexatos ou desatualizados; IV – anonimização, bloqueio ou eliminação de dados desnecessários, excessivos ou tratados em desconformidade com o disposto na Lei nº 13.709; V – portabilidade dos dados a outro fornecedor de serviço ou produto, mediante requisição expressa, de acordo com a regulamentação da autoridade nacional, observados os segredos comercial e industrial; VI – eliminação dos dados pessoais tratados com o consentimento do titular, exceto nas hipóteses previstas no art. 16 da Lei nº 13.709; VII – informação das entidades públicas e privadas com as quais o controlador realizou uso compartilhado de dados; VIII – informação sobre a possibilidade de não fornecer consentimento e sobre as consequências da negativa; IX – revogação do consentimento, nos termos do § 5º do art. 8º da Lei nº 13.709.</p>
<p>Última atualização: Julho de 2021 .</p>

<p>Política de Privacidade TERMO DE CONSENTIMENTO PARA TRATAMENTO DE DADOS PESSOAIS LEI GERAL DE PROTEÇÃO DE DADOS PESSOAIS – LGPD. 1. Dos Dados Pessoais: O Controlador fica autorizado a tomar decisões referentes ao tratamento e a realizar o tratamento dos seguintes dados pessoais do Titular: • Nome completo. • Número do Cadastro de Pessoas Físicas [&hellip;]</p>
